3565*h - 3257. What is the ten thousands digit of c(5)?
1
Suppose 2*s = 0, 5*i + 15*s - 10 = 14*s. Suppose 2*x + 52*k - 50*k - 1432 = 0, 2*x - i*k = 1448. What is the hundreds digit of x?
7
Suppose 950 = 3*h - 5*g, 0 = -2*h - 10*g + 6*g + 670. What is the hundreds digit of h?
3
Let r(s) = 3344*s + 785. What is the thousands digit of r(4)?
4
Suppose n + 14 = -6*o + 10*o, 4 = -2*n + 2*o. Let v be -1 + 42/n - (-11 - -14). Suppose -v*s + 18*s - 87 = 0. What is the tens digit of s?
8
Let o = 95 + -49. Suppose -o = -3*s - 4. Suppose -9*b = -s*b + 455. What is the tens digit of b?
9
Let u(c) = -939*c + 13. Let l(y) = 2818*y - 37. Let m(b) = -2*l(b) - 7*u(b). What is the tens digit of m(1)?
2
Let u(g) = g**3 - 10*g**2 - 498*g - 49. What is the hundreds digit of u(35)?
1
Let s(x) = 21 + 5*x + 4*x - 41. What is the units digit of s(5)?
5
Suppose -3*k - 425 = -1772. Suppose -7*o = -5*i - 3*o + k, 5*i = o + 446. What is the tens digit of i?
8
Suppose l - 24 = -3*l, 4*l = -4*p + 87828. What is the thousands digit of p?
1
What is the hundreds digit of (-1 - 3/(-7)) + 279565/35?
9
Suppose h = 27*o - 24*o - 89848, 6*o + 4*h - 179690 = 0. What is the units digit of o?
9
Suppose 17*s = 19*s - 4. Suppose -2*o - s*o = -92. Suppose y - o = 1. What is the tens digit of y?
2
Let y(p) = 17*p**3 - 2*p**2 - p + 6. Let g = -51 - -53. Let z be y(g). Suppose -333 = 129*b - z*b. What is the units digit of b?
1
Let m(b) = b**2 - 3*b - 1. Let v be (-5 - -7)/((-3)/(-6)). Let j be m(v). Suppose 2*r - 367 = j*u, 4*r - 2*u - 724 = 2*u. What is the units digit of r?
6
Let s be 1/4 + 371/4. Suppose t = y + 2*y - s, 0 = y + 5*t - 15. What is the tens digit of 30/(6/8 - y/80)?
8
Let u(y) = -2*y**2 + 14*y + 7. Let o be u(8). Let w(r) = 6*r**2 + 4*r + 14. What is the units digit of w(o)?
4
Let f(v) be the third derivative of -v**4/4 + 19*v**3/6 + 7*v**2. Let g be f(-7). Suppose -5*h + 4*h = -g. What is the units digit of h?
1
Let q = -10 + 34. Let i = q + -24. Let n(a) = a**2 + a + 111. What is the units digit of n(i)?
1
Let k(i) = 10*i**2 - 4*i**3 - 4*i + 19 - 3 + 3*i**3. Suppose -35*f + 40*f = 3*c + 50, f = 3*c + 22. What is the hundreds digit of k(f)?
1
Suppose -187617 = -7*f - 8732. What is the tens digit of f?
5
Let j(x) = 1733*x + 1137. What is the hundreds digit of j(4)?
0
Let t(o) = 134*o - 151. Let b be t(17). Suppose 2649 + b = 24*v. What is the tens digit of v?
9
Suppose 5*c = -t + 2175, 4*c - 4*t = 7*c - 1305. Let l(q) = -q**3 - 403*q + c*q - 10 - 7*q**2 + 51 - 11*q**2. What is the units digit of l(-20)?
1
Suppose -3*s - 5 + 2 = 0, 5*s = -3*f - 359. Let y = 139 + f. Suppose 0 = y*b - 11*b - 1140. What is the units digit of b?
4
Let s = -10714 - -16040. What is the units digit of s?
6
Let w(p) = 74*p**2 - 250*p + 76. What is the thousands digit of w(7)?
1
Let h(m) = -m**3 - 22*m**2 + 80*m - 19. Let x(a) = -4*a**3 - 89*a**2 + 321*a - 75. Let b(u) = 9*h(u) - 2*x(u). What is the hundreds digit of b(-24)?
4
Let l(b) = -3*b**2 - 264*b - 27. What is the hundreds digit of l(-46)?
7
Suppose r = -1, -1932 = -5*b + 8*r - 6*r. What is the hundreds digit of b?
3
Let l(n) = -697*n - 32. Let m be l(-2). Let i = m + -700. What is the hundreds digit of i?
6
Let c = -64 + 64. Suppose c = -2*r + 2*r + 5*r. Suppose -267 = -4*u + q, 0 = -u + 4*q - r*q + 78. What is the units digit of u?
6
Suppose -79*b + 40 = -78*b + 4*r, -5*b + r = -221. Suppose 4*v + 36 = -5*q, 2*v - 7*v + 4*q - 4 = 0. What is the units digit of 2/(v/(-197)) - (-22)/b?
9
What is the thousands digit of 2 - -14901 - (80/(-280) + (-33)/7)?
4
Let v = 40519 + -26952. What is the thousands digit of v?
3
Let t be (-1)/2*(0 - 124). Let q = 34 - t. What is the tens digit of q/(-14) + 0 + 14?
1
Suppose -115*y + 154 = -104*y. Let v = y - -293. What is the units digit of v?
7
What is the hundreds digit of ((-3)/(-7) - 1) + 63040/70 + 5?
9
Suppose 55*s - 33*s = 76*s - 4158. What is the units digit of s?
7
Let o(p) = 2*p**2 - 10*p - 24. Let z be o(7). Suppose 7*d = z*f + 2*d - 412, 5*f + 5*d - 560 = 0. What is the units digit of f?
8
Suppose 4*j + 2*v - v = 4, 3*v = -3*j + 12. Suppose 4 = 2*i - j. Let o(r) = 14*r**3 - r**2 - 4*r + 4. What is the units digit of o(i)?
4
Suppose 369*v + 5 = 370*v. Suppose -2*g = -2*n - 552, n = v*n - 12. What is the hundreds digit of g?
2
Let n be (1/((-3)/(-22)))/((-94)/(-5781)). Suppose n = 2*o - 607. What is the hundreds digit of o?
5
Suppose -2*y - 6 = y, 3*y + 6 = -3*d. Suppose -2*h - 798 = -2*b, b - 4*b + 5*h + 1203 = d. What is the units digit of b?
6
Let u be (12/8)/(6 + 261/(-44)). Suppose 1241 + 21287 = u*i. What is the hundreds digit of i?
0
Let o = -5923 - -8368. Let c = 3662 - o. What is the tens digit of c?
1
Suppose -29*t = -3950 - 1850. Suppose -8*l = -184 - t. What is the tens digit of l?
4
Suppose -8 = -9*h + 19. Suppose -3*j + 26 = o, -5*j - h*o + 2*o = -44. Suppose p + j*p - 590 = 0. What is the units digit of p?
9
Suppose -n + 1 = -2*n. Let i be (-2 + (n - -4))*0. Suppose -31 = u + 4*f - 140, i = 2*u + 4*f - 222. What is the hundreds digit of u?
1
Suppose -85230 = 10653*a - 10662*a. What is the thousands digit of a?
9
Let f(i) = 55 - 43 - 3*i - 97 + 305 + 17. What is the tens digit of f(-15)?
8
Suppose 347 = 3*r - v, 4*r + 109 = 5*r + 3*v. Let u = -111 + r. Suppose 0 = q + u*f - 23 - 34, 3*q = -5*f + 199. What is the units digit of q?
3
Let j be -1*(1 + 4)*(-13 - -4). What is the units digit of -3155*(-9)/j - 8?
3
Suppose j - 96105 = -5*u, 0 = -u + 2*j + 2*j + 19221. What is the units digit of u?
1
Let n be 14/(-10) + 2 - (-34713)/145. Suppose 308 = 4*g - n. What is the tens digit of g?
3
Suppose 5*w - 122 = 5*y + 68, -42 = -w + 5*y. Suppose 157 - w = 5*h. Let l = -19 + h. What is the units digit of l?
5
Let a = -18397 + 51040. What is the units digit of a?
3
Let i = 17 + -15. Suppose -u = i*u. Suppose u = -d + 83 + 121. What is the hundreds digit of d?
2
Let b(a) = 31*a. Let j be b(0). What is the hundreds digit of (1 + j)/(-5) + 12441/55?
2
Let l = 24 - 18. Let z be l/21 + (-4 - 2382/7). What is the hundreds digit of z/6*(6/1)/(-2)?
1
Suppose 2*y - 5162 = -2*v + 5*v, 3*y = 3*v + 7752. What is the hundreds digit of y?
5
Let d(n) = 2249*n**2 + 169*n - 15. What is the tens digit of d(4)?
4
Suppose -5*p + 5*h + 985 = 0, -4*p + 3*p + 193 = -5*h. Suppose 5*g - 216 = 3*d + p, d = -g + 86. What is the units digit of g?
4
Let s(k) = -6*k**3 + 111*k**2 + 61*k + 119. Let x(b) = -b**3 + 22*b**2 + 12*b + 24. Let g(u) = -2*s(u) + 11*x(u). What is the tens digit of g(-17)?
2
Let b(d) = -10*d + 917. Let t be b(0). Suppose 3*z + 4*z = t. What is the units digit of z?
1
Let n(f) = -336*f**3 + f**2 - 28*f + 27. Let q be n(1). What is the hundreds digit of -21*q/9 - -8?
7
Suppose 5 = 5*z, 148 = 2*u + 5*z + 53. Let g = u + -27. What is the tens digit of 191/3 - g/(-54)?
6
Let m = 52 - 43. Suppose -m*x + 161 = -2404. Let n = 414 - x. What is the hundreds digit of n?
1
Let v = 140135 + -85710. What is the ten thousands digit of v?
5
Let t(a) = -a**2 + 3*a. Let b be t(3). Let y be -4 - 3 - (21 - 61). Suppose b = -4*f - y + 737. What is the units digit of f?
6
What is the units digit of -11 - 63515*(-2)/10?
2
Let c = -288 - -279. What is the tens digit of c/(54/(-2868)) - (1 - -3)?
7
Let j(b) = 6*b**2 - 30*b - 10. Let n be j(7). Let l = n - -731. What is the units digit of l?
5
Suppose 0 = -4*j + 10*j. Suppose w - 2*k + 2 = 12, 2*k + 10 = j. Let h(z) = -z**2 + 7. What is the units digit of h(w)?
7
Let i(u) = -1871*u - 1210. What is the thousands digit of i(-8)?
3
What is the tens digit of 83430/27*(20/8 - 1)?
3
Suppose -11*m = -m - 6*m. Suppose 21*k - 16*k = -5*o + 1260, m = -5*o - 3*k + 1262. What is the hundreds digit of o?
2
Suppose 0 = -24*j + 47142 + 13074. What is the thousands digit of j?
2
Let b = 37641 - 23768. What is the ten thousands digit of b?
1
Let y = 16024 - 6777. Suppose 30*g = 16193 + y. What is the hundreds digit of g?
8
Let o = 20645 + -6080. Let c = -6225 + o. What is the units digit of (c/18)/5 - 2/3?
2
Let b(t) = 27*t - 5. Suppose 139 = -3*x + 166. What is the units digit of b(x)?
8
Let j(g) = 7*g**2 + 33*g + 98. Let y(m) = -4*m**2 - 16*m - 49. Let d(s) = -3*j(s) - 5*y(s). Suppose 0 = -3*q - 4*q - 105. What is the units digit of d(q)?
1
Let n(j) = -j**3 - 33*j**2 + 10*j - 180. Let 